at is the tens digit of z(-4)?
1
Suppose -s + a = 5*a - 404, -5*s + a + 1978 = 0. What is the hundreds digit of s?
3
Let s(j) = -j**3 - 5*j**2 + 3*j + 1. Let t be s(-6). Suppose 2*y - 3*y = -11. Let d = t - y. What is the units digit of d?
8
Let r be (-3)/(-3) - -3*3. Suppose -5*c + 2*m + 2*m = 0, 0 = 2*c + 5*m. Suppose c = 5*z - r. What is the units digit of z?
2
Let h(a) = -3*a**3 + a**2 + a. Let j be h(-1). Let l(n) = 2*n - 4. Let c be l(j). What is the units digit of -6*(-3)/18*c?
2
What is the tens digit of (-1 + 0)/((-2)/20)?
1
Let t(d) = -d**2 + 15*d + 15. Let n be t(15). What is the tens digit of (-1)/((n/(-147))/5)?
4
Let p = 315 - 225. What is the units digit of p?
0
Let v be (-7)/14 - 55/(-2). Suppose -4*z - 9 = v. Let t = 15 + z. What is the units digit of t?
6
Let n(q) = -q**2 - q. Let d be n(-4). Let g(c) = -c - 11. What is the units digit of g(d)?
1
Suppose 0*p + 10 = p + 2*s, -4*p = s - 12. Suppose 2*c - 3*q + 8 = 0, 0 = -5*c + p*q - 4*q + 18. What is the units digit of c?
2
What is the units digit of ((-320)/6)/2*132/(-110)?
2
Let c(o) = -o + 8. Let m be c(6). Suppose 0 = 5*d + m*s - 33, d + 5*s - 2*s = 17. What is the units digit of d?
5
Let d = -8 - -24. Let l = d - 1. What is the units digit of (18/l)/(2/15)?
9
Suppose 0 = -2*o + 4*r - 10, -o + r + 10 = 2*r. Suppose -2*m - 7 = -3*i, -3*m = -4*i - o*m. What is the units digit of i?
1
Let g(t) be the third derivative of t**4/24 + t**3/6 - t**2. Suppose 0 = 2*l - 5*l - 6, c - 8 = 3*l. What is the units digit of g(c)?
3
Suppose -4*b + 4 = -8. Let o(v) = -b*v**2 + 9*v**2 - 3*v + 6*v. What is the units digit of o(-2)?
8
Let a be (-4)/(-16) - 53/4. Let l(p) = 3*p**2 + p. Let h be l(-1). Let g = h - a. What is the tens digit of g?
1
Suppose -4*k = -5*s + 32, -4*k + 3*s - 21 - 3 = 0. What is the units digit of k*(1 - 5/3)?
2
Suppose -497 = -4*v - h, h - 2 = 3. What is the hundreds digit of v?
1
Suppose 4*c - 10 = -c, -2*c = 5*y - 24. Let f = 0 + y. Suppose -28 = -f*m - 4. What is the units digit of m?
6
Suppose -4*k + 30 = -30. What is the tens digit of k?
1
Suppose -4*s + 6 + 50 = 0. Let f be (-4)/s + (-60)/(-14). Suppose 7*o = -3*b + 2*o + 9, -f*b = -5*o - 12. What is the units digit of b?
3
Suppose -2*r + 3*r - 147 = 0. Suppose -5*w + r = -5*q + q, 2*w + 4*q = 42. What is the units digit of w?
7
Let d = -5 + 9. Suppose -k = d*k. What is the units digit of 2 + k + 1 + 0?
3
Let n(j) = -8*j + 4. What is the tens digit of n(-3)?
2
Let o(v) = -v + 2. Let p be o(1). Let s = p + 3. What is the units digit of s/22 + 168/44?
4
Let p be ((-6)/(-10))/(2/10). Suppose p*m = 2*m - 22. What is the units digit of 3/(-1) - (0 + m)?
9
Let x(c) = 8*c**2 + 2*c + 1. Let z be x(-1). Suppose 3*n - a - z = -3*a, 0 = 3*n - 3*a + 3. What is the units digit of n?
1
Let z(p) = 12*p. Let i be z(3). Suppose -4*t = 4*l - i, -5*l - 8*t + 45 = -4*t. What is the units digit of l?
9
Suppose 39 = 4*p - 21. What is the tens digit of p?
1
Suppose -3*r + 45 = f - 8, 5*f = 5*r + 245. What is the tens digit of f?
5
Suppose -l + 3*l + 32 = 0. Let p be 242/14 - l/(-56). Let c = p - 5. What is the units digit of c?
2
Suppose q - 2 = 10. Let c = q + -3. What is the units digit of c?
9
Suppose 5*v + 8 = 83. What is the units digit of (-2 + 1)*v/(-3)?
5
Let l(q) = 7*q - 3. Suppose -d + 5*i = -10, -2*d + 5*i - 5 + 20 = 0. Let w be l(d). Suppose -4*f + w = 4*m, 5*m + 7*f - 3*f = 39. What is the units digit of m?
7
Suppose -4*y - 25 = 23. Let r = y + 21. What is the units digit of r?
9
Suppose -2*w + 0 + 24 = 0. Let x be -36*(25/20 - 2). Suppose -2*g + i = -i - w, 3*i + x = 4*g. What is the units digit of g?
9
Let q(s) = 3*s + 1. What is the units digit of q(9)?
8
Let p = -7 + 5. Let f be (-2)/(1 - 0) - p. What is the tens digit of 13 + 1 + (0 - f)?
1
Suppose -37 - 27 = -4*i. Let c = 39 - i. What is the tens digit of c?
2
Let f(k) = k + 7. Suppose 0 = 3*s + 2*s. Suppose -6 = -s*v + 2*v. What is the units digit of f(v)?
4
Let f be 2*(-2 + (-49)/(-2)). Suppose b + f = 5*o, -o - 2*b = 4*o - 45. What is the units digit of o?
9
Suppose b - 2*b = 0. Suppose 5 = x + 4*v, -4*x + b*v + 80 = v. What is the tens digit of x?
2
What is the units digit of (-12)/10*150/(-45)?
4
Let u = 21 - 14. Suppose n = -x + 17, 2*n + 3*x - 41 = -u. What is the units digit of n?
7
Let v(m) = -2*m - 6. Let z be 10/(-3)*(-12)/8. Let p = z - 9. What is the units digit of v(p)?
2
Suppose 0 = 5*n - 227 - 63. What is the units digit of n?
8
Suppose 0*f = -2*f + 6. Let u = -9 - -11. What is the units digit of 10 - f - (u - 0)?
5
Suppose 3*q + 219 - 246 = 0. What is the units digit of q?
9
Let z(l) = -8*l + 5. Let h be z(4). Let t = -5 + 1. What is the units digit of t/(-18) - 102/h?
4
Suppose -2*t + 3*t - 3 = 0. Suppose t*b - 4 = -b. Let n = b - -1. What is the units digit of n?
2
Let g = -8 - -13. Let p = g + -6. What is the units digit of 0 + 5 + (p - 1)?
3
Suppose -3*p - p = -480. What is the hundreds digit of p?
1
What is the tens digit of ((0 - 5) + 3)*(-566)/4?
8
Suppose 0*h - 4*h + 20 = 0. Suppose 4*i - 3 = h. Let a = 1 + i. What is the units digit of a?
3
Suppose 0 = -3*n - 58 + 529. What is the units digit of n?
7
Let a(f) be the first derivative of -f**6/360 - f**5/24 + 7*f**4/24 - 2*f**3/3 + 3. Let t(k) be the third derivative of a(k). What is the units digit of t(-5)?
7
Let x = -4 + 7. Let m = 7 - x. What is the tens digit of 1*2/m*28?
1
Let l = 425 + -114. What is the hundreds digit of l?
3
Let d be -1*2 + 1 - 1. Let z(w) = -3*w - 1. Let y be z(d). Suppose 2*b = 7*b - y. What is the units digit of b?
1
Let x(o) = -o**2 - 7*o + 1. Let v be x(-5). Suppose 2*g + 0 = q - v, 5*q + 4*g - 55 = 0. Suppose y = q - 4. What is the units digit of y?
7
Let d = -13 + 18. Suppose -d*j - 27 = -6*j. What is the units digit of j?
7
Let k be (0 + 2/(-4))*-6. Suppose a + k - 23 = 0. What is the tens digit of a?
2
Suppose 4*c = -5*s - 0*c + 127, 3*s - 4*c - 89 = 0. What is the units digit of s?
7
Suppose -3*h - 5*b + b = -70, 4 = -2*b. What is the tens digit of h?
2
Let k(r) be the first derivative of -2*r**2 + 7*r + 5. What is the units digit of k(-5)?
7
Let d be (-5)/((-10)/16) + -2. Suppose 2*i + d = -2*n + 16, i - 2 = 2*n. Suppose 0 = i*h - 2*z - 42, -7*h + 3*h - 3*z + 17 = 0. What is the units digit of h?
8
Let x = -3 - -6. Suppose -x*s = -2*s - 10. What is the units digit of s?
0
Let k(u) = 14*u - 8. What is the units digit of k(5)?
2
Suppose -4*w + 38 = -5*o - 15, -w = -3*o - 15. What is the units digit of w?
2
Suppose -8*t = -4*t + 4. Let m = 1 - t. Suppose -23 + m = -3*n. What is the units digit of n?
7
Let s(q) = -6*q. Let z be s(4). Let a = 34 + z. Suppose -k + 0 = -a. What is the tens digit of k?
1
Suppose -7 + 32 = 5*z, -2*y - 16 = -4*z. Let h(i) = -y - 7*i - i + 6*i**2 + i**3 - 1. What is the units digit of h(-7)?
4
Suppose 3*w - 4*c = 12, -8 = -2*w - c - 0. Suppose v = -3*m + 7 + 6, -13 = m - w*v. What is the units digit of (-7)/((-1)/(3/m))?
7
Suppose -w + 414 = 5*w. What is the tens digit of w?
6
Let o = -5 + 14. Suppose 2*n + 25 = 5*i - 6, 5*i = 3*n + 29. Suppose 4*q = o + i. What is the units digit of q?
4
What is the units digit of (-1452)/(-16) - 2/(-8)?
1
What is the units digit of ((-4 - -3)*-71)/1?
1
Suppose 4*o - 452 = 2*r - 3*r, 3*o + 5*r = 322. What is the hundreds digit of o?
1
Let c = 7 + -9. Let v be (1 - c)*(-4)/(-3). Suppose -v*m - 12 = -2*i, 3*i + 3*m = 35 - 8. What is the units digit of i?
8
Let j(s) = -s**3 + s**2 + 4*s + 3. Let n be j(-2). Let q = 9 - n. Suppose q*r = -2*r + 28. What is the units digit of r?
7
What is the units digit of 3*(20/6 + (-1 - -2))?
3
Let c(n) = 6 - n**3 - n**2 - n**3 - 5. Let g = 1 + -2. What is the units digit of c(g)?
2
Let z be (12/(-9))/(2/(-9)). What is the units digit of 3 + (-3)/z*2?
2
Let b = 47 - -26. What is the tens digit of b?
7
Suppose -2 - 2 = 4*b - 5*u, 4*u = 5*b - 4. Let h(x) = x - 4. Let r be h(b). Suppose r*g = 4*g - 36. What is the units digit of g?
9
Suppose -4*r + 2*a = -24, -r + 5*a = 3*a - 6. Let o = 25 - r. What is the units digit of o?
9
Suppose -6*a = -i - a + 41, 4*i + a = 185. What is the tens digit of i?
4
What is the units digit of 4/((-4)/123)*(-4)/6?
2
Let q(r) = 2*r - 2. What is the units digit of q(2)?
2
Let s(n) = -50*n - 7. What is the tens digit of s(-2)?
9
Suppose 2*x